e the remainder when 164/205*725/2 is divided by o.
26
What is the remainder when 236 is divided by -2*((-6)/(-7))/((-57)/1596)?
44
Let g(x) = -x**3 + 12*x**2 - 13*x + 27. Let f be g(11). Suppose 0 = f*n - 4*i - 260, 5*i - 114 + 10 = -2*n. What is the remainder when n is divided by 16?
4
Let o = 4352 - 4224. Calculate the remainder when o is divided by 45.
38
Let x(w) = -120*w - 1. Suppose -4*u - 52 = a, 0 = 3*u + 6*a - 4*a + 44. What is the remainder when x(-1) is divided by (-292)/u - (2 - 10/6)?
23
Let r(a) be the first derivative of a**4/4 - 7*a**3/3 + 11*a**2/2 - 15*a + 4. Let l be (8 - -4) + -3 + -3. Calculate the remainder when 57 is divided by r(l).
12
Let t = -4 + 6. Let c be (-9)/(2 - -2 - 3). Let i(z) = z**3 + 8*z**2 - 11*z - 16. Calculate the remainder when i(c) is divided by t.
0
Suppose -58*b = -5128 - 1716. Calculate the remainder when b is divided by (-1 - -11)*20*(-1)/(-8).
18
Let v(l) = l**2 + 100*l - 1584. What is the remainder when v(17) is divided by 51?
48
Suppose 238*b = 229*b + 315. Suppose -b*g + 31*g = -1580. Calculate the remainder when g is divided by 50.
45
Let t(n) = 4*n**2 - 2*n - 26 - 8*n + 16*n. Let r be t(7). Suppose 7*h = 11*h - r. Calculate the remainder when h is divided by 27.
26
Suppose 0*h + 15 = 3*h. Let o(w) = 183*w**2 - 73 - 64*w**2 + 2*w - 63*w**2 - 55*w**2. What is the remainder when o(-10) is divided by h?
2
Let y = -5 - 0. Suppose 4*z - 35 = -3*f, 9*f - 4*f = -z + 30. What is the remainder when 2*y/(-4)*4 is divided by f?
0
Suppose 84*u + 85172 = 527*u - 256381. What is the remainder when 775 is divided by u?
4
Suppose -408*x - 726 = -414*x. Let p(k) = k**2 + k + 1. What is the remainder when x is divided by p(-2)?
1
Let d be ((-12)/9)/((-20)/15)*10. Suppose -s + 55 = d*s. Calculate the remainder when 12 is divided by s.
2
Let w = 53667 + -53650. Let a = -82 - -156. What is the remainder when a is divided by w?
6
Suppose -4430 = 27*x - 29*x + 5*l, -8980 = -4*x - 5*l. Calculate the remainder when x is divided by 8.
3
Suppose 5*j = k + 298, 5*j - 6*j = k - 62. Let g = 105 + j. What is the remainder when g is divided by 2?
1
Suppose 0*c + 4*c = -2*h - 422, 3*h + 3 = 0. Let j = 107 + c. Let w = -1 + 6. What is the remainder when w is divided by j?
1
Let v = -93 - -94. Let k(z) = 33*z**3 + 5*z**2 - 4*z + 2. Calculate the remainder when k(v) is divided by 11.
3
Suppose -4*x + 469 = 57. Calculate the remainder when 3295 is divided by x.
102
Let i = -75 + 106. Suppose -3*t + 17 - 2 = 0, 182 = x - 2*t. Let g = 54 + x. Calculate the remainder when g is divided by i.
29
Let m(t) = -t**2 + 28. Let f be m(-7). Let y = 27 + f. What is the remainder when y is divided by 2?
0
Suppose -3*w + v = -122, 2*w + 3*v - 100 = -v. Let g = 49 + -19. Suppose 2*m + o = g, 0 = -5*m + 4*o + 86 - 11. What is the remainder when w is divided by m?
12
Let f(r) = r**3 - r**2 - 6*r + 1. Let v be f(4). Let c(a) = 4*a + 3 + 1 - v. What is the remainder when 11 is divided by c(6)?
2
Let c(b) = b**3 + 20*b**2 + 107*b + 155. Calculate the remainder when 201*(-1 - (-4)/3) is divided by c(-12).
21
Calculate the remainder when 98 is divided by -6 + (-2 + -1 - -14).
3
Suppose 0*p - 2*p - 8 = 0. Let y(x) = -x**3 - 12*x**2 + 6*x - 14. Let i be y(-13). Let k = p + i. What is the remainder when k is divided by 19?
16
Suppose 453 = 2*v + 3*w + 233, -2*v - 2*w = -222. What is the remainder when 4062 is divided by v?
107
Let n(b) = 2*b**3 - 4*b**2 - 4*b - 5. Let z(w) = -380*w + 837. What is the remainder when z(2) is divided by n(4)?
34
Let s(m) = m**3 - 11*m**2 + 14*m - 8. Suppose -15*h + 2*b + 55 = -14*h, -16*b + 48 = 0. What is the remainder when h is divided by s(10)?
29
Let a(j) = 186*j + 33. Let w(u) = -3*u**3 - u**2 - u. Let d be w(2). Let h = 42 + d. Calculate the remainder when a(0) is divided by h.
9
Suppose -3*f - 1620 = -93*f. Calculate the remainder when 166 is divided by f.
4
Let o(y) = -16*y**3 - 5*y**2 - 13*y + 5. Calculate the remainder when o(-3) is divided by 73.
66
Let w = 740 + -675. Suppose -w*n = -72*n + 245. Calculate the remainder when 198 is divided by n.
23
Let c = 33887 + -33713. Calculate the remainder when 4006 is divided by c.
4
Suppose 2*p - 204 = -3*a, -32*a = -28*a - 4*p - 272. Calculate the remainder when 130 is divided by a.
62
Suppose 33*a - 37*a + 611 = 187. What is the remainder when 115 is divided by a?
9
Suppose -y + 5*y = 140. Suppose 17*g - 10*g = -3*g + 40. Suppose y = 3*m - 5*v - 219, 336 = g*m - 4*v. Calculate the remainder when m is divided by 14.
13
What is the remainder when 635 is divided by (-609)/(-28) + (60/210)/((-8)/(-7))?
19
Let y = 26969 + -25856. Calculate the remainder when 2226 is divided by y.
0
Let p(t) = -13*t + 258. Calculate the remainder when 741 is divided by p(18).
21
Let q(k) = -2*k**3 + 58*k**2 - 55*k + 103. What is the remainder when q(28) is divided by 106?
25
Let u(o) = 225 - 22*o - 117 - 25*o - 112 - 3*o**2. Calculate the remainder when u(-15) is divided by 14.
12
Let b(v) = v**3 - 4*v**2 - 9*v - 18. Let y(r) = -r - 1. Let a(l) = b(l) - 6*y(l). Calculate the remainder when 54 is divided by a(6).
12
Suppose -4*q = -5*t + 13*t - 592, -6 = -3*t. Calculate the remainder when q is divided by 11.
1
Let x = 73 - -633. Suppose 7*i - x = 50. What is the remainder when i is divided by 4/(-6) - (-334)/6?
53
Calculate the remainder when (-2)/(-7)*-1 - ((-11796)/28 - 6) is divided by 3.
1
Let z = -50 + 55. Suppose -z*w + 353 + 57 = 0. What is the remainder when w is divided by (-40)/5*7/(-2)?
26
Suppose -10*t = -21 - 9. Suppose 10 - 4 = -t*o. Calculate the remainder when o + 5 - (-1 + -70) is divided by 25.
24
Let v(i) = 4*i**2 + 43*i - 311. What is the remainder when 211 is divided by v(6)?
29
Suppose -q - 443 = 3*z, -5*z - 9*q - 755 = -4*q. Let x = z - -186. What is the remainder when x is divided by 15?
10
Let x = 7 + -5. Calculate the remainder when (-4)/22 + (6 - 2138/(-22)) is divided by (50/(-4) + x)*180/(-35).
49
Suppose z + 692 = 4*r, -8*z = 2*r - 249 - 63. What is the remainder when 694 is divided by r?
6
Let b = -386 + 354. Calculate the remainder when 107 is divided by b/12*540/(-40).
35
Let z = -1310 - -1495. Calculate the remainder when z is divided by 50.
35
Suppose -5*k - 3*d + 546 = 0, -8*k + 558 = -3*k - d. Let q = 205 - k. Let r(o) = o**3 + 8*o**2 - 2*o - 2. What is the remainder when q is divided by r(-8)?
10
Suppose -4*h + 1 = s - 89, -2*s = -2*h - 160. Suppose 0 = -2*v + 28 + 96. Let g = s - v. What is the remainder when 57 is divided by g?
17
Let a = -6842 + 6855. Calculate the remainder when 361 is divided by a.
10
Let h be 17/(3/20*18/27). Let b = -74 + h. Let j = b - 66. What is the remainder when j is divided by 11?
8
Let s = -22 + 29. Suppose -5 = 13*r - 70. Calculate the remainder when s is divided by r.
2
Let i(d) = 2*d**3 + 10*d**2 + 4*d - 25. Let j be i(-7). What is the remainder when 118 is divided by (1 + 19/(-7))/(j/1162)?
6
Suppose 10 = u - 2*m, 5*u + 25 = 6*m - 11*m. Suppose 4*k + 2*p - 60 = u, -5*k = 11*p - 12*p - 82. What is the remainder when 300 is divided by k?
12
What is the remainder when (1 - 39/15)/(33320/(-1850) + 18) is divided by 41?
25
Let g(q) = 3*q - 20. Suppose t - 180 = -11*t. Let p be g(t). Suppose p = 2*v - 1. Calculate the remainder when 30 is divided by v.
4
Let y be (2 + -67)*(13/5 + -7). Let k = y + -265. Suppose 5*n - 17 - 38 = 0. What is the remainder when k is divided by n?
10
Suppose -2*v + 4*i + 66 = 0, -2*v - i = 4*i - 57. Suppose -k + c + 77 = 0, -3*k + 451 - 156 = 5*c. Calculate the remainder when k is divided by v.
23
Let i(m) = -m**3 - 26*m**2 - 6*m - 45. Calculate the remainder when 362 is divided by i(-26).
29
Let p = 374 + -411. Let n(o) = -o**2 - 29*o + 311. What is the remainder when 432 is divided by n(p)?
12
Let y = 2763 - 1350. What is the remainder when y is divided by 5?
3
Suppose -53 + 215 = 2*w. Let y = 86 - w. Suppose -5*c + 4*q = -q - 210, -y*q = 3*c - 158. What is the remainder when 136 is divided by c?
44
Let l(u) = 107*u - 387. Calculate the remainder when 940 is divided by l(4).
38
Suppose -4 = -4*t + 24. Suppose -3*q = 4*f - 9*f - 49, q - t = -3*f. Calculate the remainder when 49 is divided by q.
10
Let v = 260599 - 260592. Let p(i) = 5*i + 8. What is the remainder when p(6) is divided by v?
3
Le